001001010001100 - 101?
-10110001001010010001
In base 10, what is 18020 - 1?
18019
In base 6, what is 1415105 - 53?
1415012
In base 14, what is -4 - -2d592?
2d58c
In base 7, what is -40310 - 6?
-40316
In base 13, what is 1c - -1016?
1035
In base 13, what is -3 - 7846?
-7849
In base 3, what is -210220220001 - -12?
-210220212212
In base 13, what is a + 31861?
3186b
In base 5, what is 112114 - 10?
112104
In base 15, what is -332 - -5?
-32c
In base 3, what is -101 - 1122210?
-1200011
In base 5, what is -141 - 4242?
-4433
In base 4, what is -10233220 - -1311?
-10231303
In base 6, what is -4245 + -13402?
-22051
In base 2, what is 11 - -100010011001010101?
100010011001011000
In base 16, what is -885 - 282?
-b07
In base 15, what is 274 + -3347?
-30c3
In base 6, what is 5 + -3051?
-3042
In base 5, what is 14 - -132010330?
132010344
In base 11, what is 10 - -21729?
21739
In base 3, what is -1000002112 - 0?
-1000002112
In base 12, what is -5a5989 - 3?
-5a5990
In base 8, what is 2 - 42323?
-42321
In base 2, what is 100100000100111111001 + 101?
100100000100111111110
In base 6, what is 2141 - -32401?
34542
In base 15, what is -e - 11bc2?
-11bd1
In base 4, what is 33122130 - -23?
33122213
In base 2, what is -101111 - 100100000?
-101001111
In base 5, what is 10 + -1131002?
-1130442
In base 5, what is 314121 + 1?
314122
In base 2, what is 1100010001001 + 0?
1100010001001
In base 9, what is -14 + 5230?
5215
In base 15, what is -18ba + -39?
-1904
In base 3, what is 2200122002 + 210?
2200122212
In base 15, what is -1 - 1b616?
-1b617
In base 14, what is -461865 - 2?
-461867
In base 7, what is 2555512 + 12?
2555524
In base 14, what is -2884b + -8?
-28855
In base 5, what is -1244022 - -4?
-1244013
In base 10, what is -18 + -110?
-128
In base 2, what is -11110100011000101 - 1?
-11110100011000110
In base 8, what is 17232 - -3?
17235
In base 2, what is -10 - -100100101101001011?
100100101101001001
In base 13, what is -681b6 + -5?
-681bb
In base 6, what is 10245 + -425?
5420
In base 10, what is 389728 + 5?
389733
In base 14, what is -3494c4 + 1?
-3494c3
In base 13, what is 2c - -5784?
57b3
In base 11, what is -34 - -372?
339
In base 15, what is 1a + -14?
6
In base 8, what is 74233 + -117?
74114
In base 15, what is 7259c - -4?
725a1
In base 11, what is 566 + 23?
589
In base 7, what is -261 + 14550?
14256
In base 7, what is -12341 - 45?
-12416
In base 11, what is -1812 + 2a1?
-1521
In base 8, what is -5131407 - -2?
-5131405
In base 16, what is -23 - -1f32?
1f0f
In base 11, what is -3540 - -41?
-34aa
In base 16, what is 51 + -122?
-d1
In base 9, what is -28 + -2852?
-2881
In base 11, what is -2466a1 + 1?
-2466a0
In base 3, what is -20 + 20211001?
20210211
In base 4, what is 3131003 - -1233?
3132302
In base 11, what is 2 - 11a244?
-11a242
In base 7, what is -5 - -365512?
365504
In base 13, what is -1698 + 2?
-1696
In base 5, what is -3 + 133043100?
133043042
In base 13, what is 1424a0 - -5?
1424a5
In base 10, what is -28236 + -41?
-28277
In base 10, what is 2 - -6936?
6938
In base 11, what is -3 + 1a58?
1a55
In base 4, what is -222122 + 320?
-221202
In base 9, what is -27207 + 68?
-27128
In base 10, what is -48320 + 2?
-48318
In base 9, what is -671 - -407?
-263
In base 6, what is -1 - 20311341?
-20311342
In base 5, what is -11221344 - -3?
-11221341
In base 10, what is 5 + -1237?
-1232
In base 4, what is 2 + -203213?
-203211
In base 16, what is 2 + -1cb27?
-1cb25
In base 3, what is 20 + 12011120?
12011210
In base 2, what is 10101101101 + -101010?
10101000011
In base 9, what is 522 - -16271?
16803
In base 9, what is 6 + 54252?
54258
In base 16, what is -bc8 + 1a8?
-a20
In base 4, what is -102 - 3030102?
-3030210
In base 6, what is -4255 - 105?
-4404
In base 10, what is -285614 + -4?
-285618
In base 13, what is 766 - -a39?
14a2
In base 7, what is -1503 + -600?
-2403
In base 3, what is 20 + -102022?
-102002
In base 4, what is -11321023 + 11?
-11321012
In base 16, what is -abe4 - -1?
-abe3
In base 13, what is -2440 + -86?
-24c6
In base 14, what is -3 + 61b98?
61b95
In base 12, what is 2528 + -4?
2524
In base 5, what is -223113 + -214?
-223332
In base 8, what is 154 + -1631?
-1455
In base 7, what is -2 + -130636?
-130641
In base 10, what is 12137 - -30?
12167
In base 12, what is -52499 + -1a?
-524b7
In base 6, what is -21013 + 315?
-20254
In base 10, what is 43 + -108430?
-108387
In base 10, what is -6279 - 34?
-6313
In base 5, what is 441 + 1214?
2210
In base 5, what is -2 - -33414421?
33414414
In base 2, what is 10011 - -10000000000001?
10000000010100
In base 11, what is 4 - 2a1a40?
-2a1a37
In base 14, what is 51 - -ca?
13b
In base 6, what is -5 + -503044?
-503053
In base 4, what is 1000 + 112320?
113320
In base 5, what is 311 - -12131?
12442
In base 13, what is 3 - 383?
-380
In base 13, what is 0 - 6920?
-6920
In base 8, what is -1 + -431037?
-431040
In base 13, what is -1c + -5542?
-5561
In base 13, what is -565 - 81a?
-1082
In base 3, what is -1 + -22201001?
-22201002
In base 5, what is -2 - -12221124?
12221122
In base 15, what is 4b7a - 0?
4b7a
In base 8, what is 44761 + -7?
44752
In base 10, what is 27 - 1242?
-1215
In base 3, what is 1000 + -2020212?
-2012212
In base 2, what is 100111 + -11010001110001?
-11010001001010
In base 15, what is -334 - 382?
-6b6
In base 14, what is 97 + 3b5b?
3c14
In base 4, what is -3313 - 102?
-10021
In base 8, what is 2 - -71761?
71763
In base 9, what is 1165 + 27?
1203
In base 4, what is 1 - 110132303?
-110132302
In base 16, what is -25b2d + 2?
-25b2b
In base 3, what is 220 + -2010010?
-2002020
In base 3, what is 11200 + 2110020?
2121220
In base 12, what is -855 + 9?
-848
In base 4, what is -2112112133 - -1?
-2112112132
In base 6, what is 210105 + -3?
210102
In base 12, what is 28 + -82?
-56
In base 6, what is -13 + 30310?
30253
In base 8, what is 35550 + 5?
35555
In base 13, what is 28c06 - -2?
28c08
In base 9, what is -66781 - 5?
-66786
In base 11, what is -1 - 781a?
-7820
In base 10, what is -334425 - -7?
-334418
In base 12, what is 85 + -477?
-3b2
In base 16, what is -2368 - 19?
-2381
In base 7, what is 2104 - -66?
2203
In base 6, what is -105050 - -5?
-105041
In base 16, what is -1928 + -4?
-192c
In base 8, what is 144 - -127643?
130007
In base 3, what is 1112102010 + -20?
1112101220
In base 8, what is -105103 - -5?
-105076
In base 12, what is 0 - -31487?
31487
In base 9, what is 132 - 1?
131
In base 12, what is -14 + 13281?
13269
In base 13, what is 129 - c3?
36
In base 14, what is -1 + 43363?
43362
In base 3, what is 0 - 11212111?
-11212111
In base 15, what is 130 - ab8?
-988
In base 9, what is 4 - 54335?
-54331
In base 6, what is 111201 - -2?
111203
In base 10, what is -13423 - -6?
-13417
In base 12, what is -583 + -487?
-a4a
In base 6, what is 2 + -1055?
-1053
In base 11, what is -973 + -44?
-a07
In base 16, what is 8de23 + 5?
8de28
In base 13, what is -454 - 143b?
-1892
In base 16, what is -7f3 + -25?
-818
In base 7, what is 231 + -31526?
-31265
In base 9, what is -4 + -434623?
-434627
In base 8, what is -4 + -271452?
-271456
In base 7, what is 10503542 + 4?
10503546
In base 7, what is 1 + 22246?
22250
In base 15, what is 2 - -16cb?
16cd
In base 7, what is -16130 - 13?
-16143
In base 6, what is 20143 - -14?
20201
In base 6, what is 5 - -1055554?
1100003
In base 2, what is 101 - 110000010111100111?
-110000010111100010
In base 2, what is 100 - -1010100010000100101?
1010100010000101001
In base 7, what is 50342 + -31?
50311
In base 11, what is -2 + 338330?
338329
In base 12, what is -2 - 8b6ab?
-8b6b1
In base 13, what is -4 + -3670?
-3674
In base 13, what is -167c + -54?
-1703
In base 3, what is 12 + 110012102222?
110012110011
In base 14, what is -d + -b51?
-b60
In base 10, what is 1 + 97?
98
In base 8, what is -5770 - -11?
-5757
In base 9, what is 2 - 70033?
-70031
In base 14, what is 59 + -12c7?
-126c
In base 2, what is -10110000111110 - 10?
-10110001000000
In base 2, what is -10100011110010 - -11100?
-10100011010110
In base 13, what is 5 - -15632?
15637
In base 15, what is 479 - -39e?
828
In base 5, what is 201421111 - -10?
201421121
In base 15, what is -1d5 - -33?
-1a2
In base 8, what is -115 + -103260?
-103375
In base 7, what is -1 + -11506651?
-11506652
In base 12, what is -1a6b + 6?
-1a65
In base 14, what is -3ba9 + 3?
-3ba